{"id":5,"date":"2011-02-03T09:34:49","date_gmt":"2011-02-03T09:34:49","guid":{"rendered":"http:\/\/www.domincovi.cz\/?page_id=5"},"modified":"2012-12-09T10:48:36","modified_gmt":"2012-12-09T10:48:36","slug":"fotogalerie","status":"publish","type":"page","link":"https:\/\/www.domincovi.cz\/?page_id=5","title":{"rendered":"Fotogalerie"},"content":{"rendered":"<p>Zde najdete odkazy na obr\u00e1zky z na\u0161ich r\u016fzn\u00fdch spole\u010dn\u00fdch akc\u00ed&#8230;<\/p>\n<p style=\"text-align: right;\">&#8230;a samoz\u0159ejm\u011b tak\u00e9 Karol\u00ednku.:-)<\/p>\n<p style=\"text-align: center;\">\u00a0<a href=\"http:\/\/www.domincovi.rajce.idnes.cz\" target=\"_blank\"><img loading=\"lazy\" decoding=\"async\" class=\"wp-image-36 aligncenter\" title=\"Karol\u00ednka\" src=\"https:\/\/www.domincovi.cz\/wp-content\/uploads\/Resize-of-IMG_4044.jpg\" alt=\"\" width=\"234\" height=\"176\" \/><\/a><\/p>\n<p style=\"text-align: center;\"><a href=\"http:\/\/domincovi.rajce.idnes.cz\/\" target=\"_blank\">http:\/\/domincovi.rajce.idnes.cz\/<\/a><\/p>\n<h4 style=\"text-align: left;\"><span style=\"color: #ff0000;\"><em>Pokud hled\u00e1te jm\u00e9no a heslo, vzpome\u0148te si na firmu, kde jsme se s Monikou poznali (v\u0161e mal\u00e1 p\u00edsmena).:-)\u00a0<\/em><\/span><\/h4>\n","protected":false},"excerpt":{"rendered":"<p>Zde najdete odkazy na obr\u00e1zky z na\u0161ich r\u016fzn\u00fdch spole\u010dn\u00fdch akc\u00ed&#8230; &#8230;a samoz\u0159ejm\u011b tak\u00e9 Karol\u00ednku.:-) \u00a0 http:\/\/domincovi.rajce.idnes.cz\/ Pokud hled\u00e1te jm\u00e9no a heslo, vzpome\u0148te si na firmu, kde jsme se s Monikou poznali (v\u0161e mal\u00e1 p\u00edsmena).:-)\u00a0<\/p>\n","protected":false},"author":1,"featured_media":0,"parent":0,"menu_order":15,"comment_status":"closed","ping_status":"closed","template":"","meta":{"_bbp_topic_count":0,"_bbp_reply_count":0,"_bbp_total_topic_count":0,"_bbp_total_reply_count":0,"_bbp_voice_count":0,"_bbp_anonymous_reply_count":0,"_bbp_topic_count_hidden":0,"_bbp_reply_count_hidden":0,"_bbp_forum_subforum_count":0,"footnotes":""},"class_list":["post-5","page","type-page","status-publish","hentry"],"_links":{"self":[{"href":"https:\/\/www.domincovi.cz\/index.php?rest_route=\/wp\/v2\/pages\/5","targetHints":{"allow":["GET"]}}],"collection":[{"href":"https:\/\/www.domincovi.cz\/index.php?rest_route=\/wp\/v2\/pages"}],"about":[{"href":"https:\/\/www.domincovi.cz\/index.php?rest_route=\/wp\/v2\/types\/page"}],"author":[{"embeddable":true,"href":"https:\/\/www.domincovi.cz\/index.php?rest_route=\/wp\/v2\/users\/1"}],"replies":[{"embeddable":true,"href":"https:\/\/www.domincovi.cz\/index.php?rest_route=%2Fwp%2Fv2%2Fcomments&post=5"}],"version-history":[{"count":28,"href":"https:\/\/www.domincovi.cz\/index.php?rest_route=\/wp\/v2\/pages\/5\/revisions"}],"predecessor-version":[{"id":9,"href":"https:\/\/www.domincovi.cz\/index.php?rest_route=\/wp\/v2\/pages\/5\/revisions\/9"}],"wp:attachment":[{"href":"https:\/\/www.domincovi.cz\/index.php?rest_route=%2Fwp%2Fv2%2Fmedia&parent=5"}],"curies":[{"name":"wp","href":"https:\/\/api.w.org\/{rel}","templated":true}]}}